9?
7
Calculate the greatest common divisor of 468 and 91845.
117
What is the greatest common divisor of 373 and 16?
1
Calculate the greatest common factor of 881 and 409665.
881
Calculate the greatest common factor of 4720 and 5.
5
Calculate the greatest common factor of 107489 and 658.
47
What is the highest common factor of 1201 and 13843927?
1201
What is the greatest common divisor of 51606 and 159894?
846
Calculate the greatest common divisor of 1752 and 294.
6
What is the highest common divisor of 364 and 68692?
52
What is the highest common divisor of 957 and 582030?
87
Calculate the highest common divisor of 374986 and 442.
34
Calculate the highest common factor of 208 and 1537484.
52
What is the greatest common divisor of 196992 and 1056?
96
Calculate the highest common divisor of 223777 and 109.
109
Calculate the highest common factor of 14 and 62447.
7
Calculate the highest common factor of 96 and 39136.
32
Calculate the greatest common divisor of 164380 and 60.
20
Calculate the highest common divisor of 37817 and 195.
13
What is the greatest common divisor of 288 and 1569672?
72
What is the highest common divisor of 6504 and 54?
6
Calculate the highest common factor of 17 and 1191921.
17
Calculate the greatest common divisor of 76 and 60306.
38
What is the greatest common divisor of 1260 and 32508?
252
What is the greatest common divisor of 471576 and 24?
24
Calculate the greatest common factor of 45 and 669210.
15
Calculate the greatest common factor of 285493 and 117.
13
Calculate the greatest common factor of 50 and 6710.
10
Calculate the highest common divisor of 520144 and 1856.
464
Calculate the greatest common divisor of 19 and 142481.
19
Calculate the highest common factor of 672848 and 176.
176
What is the highest common factor of 62874 and 1134?
126
What is the greatest common factor of 56172 and 48?
12
Calculate the greatest common divisor of 48622 and 36386.
322
Calculate the highest common divisor of 2 and 70604.
2
Calculate the highest common factor of 84249 and 207.
207
Calculate the greatest common factor of 9994 and 2630.
526
Calculate the highest common divisor of 3243 and 2.
1
What is the highest common divisor of 480 and 14752?
32
What is the greatest common factor of 27709 and 2783?
121
Calculate the greatest common divisor of 264 and 50424.
264
Calculate the greatest common factor of 3077 and 1150798.
3077
What is the highest common divisor of 198534 and 49938?
1218
Calculate the greatest common divisor of 2420 and 452.
4
Calculate the greatest common factor of 1568 and 50400.
224
What is the greatest common divisor of 1288 and 10312?
8
Calculate the greatest common factor of 181 and 374489.
181
What is the greatest common divisor of 3253791 and 279?
93
Calculate the greatest common divisor of 18 and 324594.
18
What is the greatest common divisor of 25032 and 6384?
168
What is the greatest common divisor of 156463 and 141?
47
Calculate the greatest common divisor of 80 and 1470.
10
What is the highest common factor of 222 and 6244638?
222
Calculate the highest common factor of 220 and 105.
5
What is the greatest common factor of 38528 and 7?
7
Calculate the highest common divisor of 22464 and 26752.
64
Calculate the greatest common factor of 28360 and 10.
10
Calculate the highest common divisor of 39 and 2764281.
39
Calculate the greatest common factor of 1312 and 160.
32
Calculate the highest common factor of 13489 and 285196.
1927
Calculate the highest common factor of 6 and 23502.
6
Calculate the greatest common divisor of 360 and 52020.
180
What is the greatest common factor of 198 and 335478?
66
What is the greatest common divisor of 1820 and 7103460?
1820
What is the highest common factor of 74467 and 339?
113
Calculate the greatest common factor of 15870 and 38640.
690
Calculate the greatest common divisor of 1 and 36125.
1
Calculate the highest common factor of 504 and 4527.
9
Calculate the highest common factor of 13061 and 50126.
353
Calculate the greatest common factor of 57361 and 171.
19
What is the highest common factor of 315 and 6072675?
105
Calculate the greatest common divisor of 231 and 131901.
231
What is the greatest common factor of 44482 and 92?
46
Calculate the highest common divisor of 1189 and 30053.
41
What is the greatest common divisor of 39 and 3991?
13
Calculate the greatest common divisor of 13988 and 2236.
52
Calculate the highest common divisor of 841 and 134966.
29
What is the greatest common factor of 84825 and 50?
25
Calculate the highest common factor of 342 and 782982.
18
What is the greatest common factor of 6 and 305676?
6
What is the highest common divisor of 51 and 1329?
3
What is the greatest common factor of 2440611 and 1566?
783
Calculate the highest common divisor of 576840 and 840.
120
Calculate the greatest common factor of 19926 and 81.
81
What is the greatest common divisor of 164150 and 245?
245
Calculate the highest common divisor of 18 and 64062.
18
Calculate the greatest common factor of 276 and 9192.
12
What is the greatest common factor of 118 and 5922007?
59
Calculate the greatest common divisor of 230005 and 628.
157
What is the highest common divisor of 63 and 9653?
7
Calculate the greatest common divisor of 6850 and 24550.
50
What is the greatest common factor of 286 and 484627?
143
What is the greatest common factor of 6 and 24618?
6
What is the highest common divisor of 20 and 2549?
1
What is the highest common divisor of 341 and 15500?
31
What is the highest common divisor of 81 and 883251?
27
What is the highest common factor of 1221774 and 1413?
471
Calculate the greatest common factor of 252 and 17844.
12
Calculate the highest common divisor of 821661 and 204.
51
What is the greatest common divisor of 1667263 and 554?
277
Calculate the greatest common factor of 1719 and 2295.
9
What is the highest common divisor of 1666 and 2891?
49
Calculate the greatest common divisor of 28125 and 9.
9
What is the greatest common factor of 584438 and 1898?
146
What is the highest common factor of 21 and 1986?
3
What is the highest common factor of 11625 and 2511?
93
Calculate the highest common divisor of 141 and 4998027.
141
Calculate the greatest common factor of 420 and 100755.
15
Calculate the highest common factor of 1804 and 21484.
164
Calculate the greatest common factor of 1624 and 210.
14
Calculate the greatest common divisor of 6 and 162202.
2
What is the greatest common factor of 5256 and 276?
12
What is the highest common factor of 3876 and 210273?
969
What is the highest common divisor of 279 and 236709?
9
What is the highest common factor of 38684 and 684?
76
Calculate the highest common divisor of 1274 and 187474.
98
What is the greatest common factor of 916 and 89768?
916
Calculate the greatest common factor of 931 and 18677.
19
Calculate the greatest common factor of 49940 and 165.
55
What is the highest common divisor of 90 and 55510?
10
Calculate the greatest common divisor of 322 and 477687.
161
Calculate the greatest common divisor of 793 and 54351.
61
Calculate the greatest common divisor of 23208 and 504.
24
What is the greatest common factor of 56283 and 10023?
771
Calculate the greatest common factor of 6020 and 48762.
602
What is the greatest common divisor of 82 and 9615894?
82
Calculate the highest common factor of 2964 and 17199.
39
Calculate the highest common factor of 71985 and 15.
15
Calculate the highest common factor of 2893 and 8239.
11
What is the greatest common divisor of 95934 and 7493?
59
What is the greatest common factor of 2498742 and 54?
54
Calculate the greatest common factor of 580 and 282692.
116
Calculate the highest common divisor of 60 and 37110.
30
What is the highest common factor of 423 and 16215?
141
Calculate the greatest common factor of 122 and 863760.
122
What is the highest common divisor of 13842675 and 765?
765
What is the greatest common factor of 137 and 1196421?
137
What is the highest common divisor of 154 and 97174?
154
Calculate the greatest common divisor of 56 and 2236232.
8
Calculate the greatest common divisor of 108828 and 2.
2
Calculate the greatest common factor of 26 and 422890.
26
Calculate the greatest common factor of 476 and 3060.
68
Calculate the greatest common divisor of 70